a41429 - 3?
-a4142c
In base 16, what is b500 + -605?
aefb
In base 15, what is -6 + -3834b0?
-3834b6
In base 4, what is -21320 + -1101013010?
-1101100330
In base 7, what is 100 - 12205505?
-12205405
In base 3, what is -102201101 + 22201122?
-2222202
In base 6, what is -240012 - 12101?
-252113
In base 5, what is 3 + -23330201240?
-23330201232
In base 12, what is -2 - 2691b42?
-2691b44
In base 14, what is -446478a - -2?
-4464788
In base 2, what is 10 + -11011001110000010001000?
-11011001110000010000110
In base 11, what is 3729 + -25625?
-219a7
In base 11, what is -5012 + -2640?
-7652
In base 5, what is 2 - -1313042240?
1313042242
In base 6, what is -133 + 1542020314?
1542020141
In base 15, what is 59a40 - 35?
59a0a
In base 4, what is -10 + 2300002022331?
2300002022321
In base 13, what is 324 - -2b34c?
2b673
In base 12, what is 121 + -363383?
-363262
In base 11, what is -1503243 + 1a?
-1503224
In base 3, what is 1111202212011 + -1120?
1111202210121
In base 16, what is -5 - 115e8f?
-115e94
In base 7, what is 31422 - 110132?
-45410
In base 10, what is -16848 + -712?
-17560
In base 13, what is 14b - 3587?
-3439
In base 12, what is -7 + 1620583a?
16205833
In base 5, what is 113234023342 + 10?
113234023402
In base 12, what is 94981a + 53?
949871
In base 4, what is -2321100132311 + -3?
-2321100132320
In base 15, what is -15 - -141a14?
1419ee
In base 6, what is -5025131010 - -5?
-5025131001
In base 14, what is -ad - 1ca85c?
-1ca92b
In base 4, what is -1312013 + -2121302?
-10033321
In base 14, what is -22 - -303751?
30372d
In base 14, what is -42 + 3a96?
3a54
In base 3, what is -22111100002202 - 11?
-22111100002220
In base 3, what is 10022011011100210 - -111?
10022011011101021
In base 4, what is -12133002132130 - 3?
-12133002132133
In base 3, what is -11 + 210002222112011?
210002222112000
In base 8, what is 310100 - -6?
310106
In base 8, what is -322 + 2410130?
2407606
In base 12, what is 7792 - -22956?
2a528
In base 6, what is -100 + -3352451?
-3352551
In base 2, what is 1010100111000111110000110010 + -101?
1010100111000111110000101101
In base 12, what is -7095 - 4205?
-b29a
In base 9, what is -36376 + 306?
-36070
In base 3, what is -11010 - -11010022012?
11010011002
In base 12, what is -b27b520 + 15?
-b27b507
In base 12, what is 3137a733 + 4?
3137a737
In base 5, what is 34234441042 - 3?
34234441034
In base 12, what is 2 + 3a0834?
3a0836
In base 13, what is 31a + -423940?
-423623
In base 2, what is -11011101011011101101 - 100?
-11011101011011110001
In base 6, what is -5431130 - 104?
-5431234
In base 10, what is -561 + -239441?
-240002
In base 14, what is 52cc + 95c4?
108b2
In base 11, what is -224 + 39aa37?
39a813
In base 15, what is -e10a5 + c4?
-e0ed1
In base 9, what is -132 - 60340?
-60472
In base 5, what is -34314240 - 212?
-34320002
In base 16, what is ce + -88a0f?
-88941
In base 3, what is 222 - -101000002021?
101000010020
In base 16, what is -21b1 - -2018?
-199
In base 3, what is 1100211210012 + -10?
1100211210002
In base 10, what is -106986 + 239?
-106747
In base 5, what is -133424422 + -1210?
-133431132
In base 11, what is 5 + 9010853a?
90108544
In base 9, what is 3 - 120657?
-120654
In base 16, what is -f7529 + 5?
-f7524
In base 12, what is -3449a + -101?
-3459b
In base 3, what is -20112100211110 + -122?
-20112100212002
In base 8, what is -62710553 - 13?
-62710566
In base 8, what is -210 - 233014?
-233224
In base 13, what is -2342 - -647?
-19c8
In base 16, what is 4f6d + -2f?
4f3e
In base 15, what is -1e44 + 16ab?
-788
In base 8, what is -405 + 475505?
475100
In base 12, what is 1aa73212 + -4?
1aa7320a
In base 6, what is -5 + -3143104424?
-3143104433
In base 9, what is -486648 + 15?
-486633
In base 4, what is 313 - 21310331222?
-21310330303
In base 11, what is -3591 - -431?
-3160
In base 10, what is 43601 - -957?
44558
In base 4, what is 3021113 - 311230?
2103223
In base 8, what is 10731 + -4517?
4212
In base 4, what is 100 - 2221121220?
-2221121120
In base 2, what is 1011 + -110001000011101010011?
-110001000011101001000
In base 7, what is -212 - 135613?
-136125
In base 7, what is 3 - -255025042?
255025045
In base 2, what is 1111 - -100011100100101000?
100011100100110111
In base 2, what is 10 - -100001000110110011010110?
100001000110110011011000
In base 16, what is 38 + 62d09?
62d41
In base 7, what is -11301345541 + 4?
-11301345534
In base 6, what is -312040 - -205421?
-102215
In base 10, what is -26 - -307426?
307400
In base 4, what is -22010 + 1300002?
1211332
In base 15, what is 4 - -478606?
47860a
In base 10, what is 19 + 185977?
185996
In base 13, what is -12 - 4b24466?
-4b24478
In base 16, what is 1436 - -a87?
1ebd
In base 9, what is 306 - 10386?
-10080
In base 6, what is 32 + 21255235?
21255311
In base 11, what is -18 + 5a321a?
5a3202
In base 8, what is -116663670 - 0?
-116663670
In base 5, what is -11041431 - 34103?
-11131034
In base 10, what is 0 - 5462486?
-5462486
In base 3, what is -11220110 - 1010121?
-20001001
In base 8, what is 32566 + -1334?
31232
In base 12, what is 1 + -22255a8?
-22255a7
In base 10, what is 14085 - 1431?
12654
In base 9, what is 88578 + -1632?
86846
In base 5, what is 43124001444 - 0?
43124001444
In base 13, what is -2 - 13a7739?
-13a773b
In base 4, what is -23300333302 + -10?
-23300333312
In base 14, what is -2 - -74d8a76?
74d8a74
In base 13, what is -6a5800 - cb?
-6a58cb
In base 14, what is -365732 + 2?
-365730
In base 14, what is -998b90 + 2?
-998b8c
In base 10, what is 589268 + 663?
589931
In base 6, what is -104310402 - -20?
-104310342
In base 6, what is -324503422 + 23?
-324503355
In base 3, what is -212 - -22201102200210?
22201102122221
In base 10, what is -2963973 - 5?
-2963978
In base 10, what is 1 - -991664?
991665
In base 12, what is 413551 + 1?
413552
In base 6, what is 2520 - -130050?
133010
In base 6, what is 34 + -1015141111?
-1015141033
In base 9, what is -13474 - 46484?
-61068
In base 14, what is -7 + -24ab4?
-24abb
In base 3, what is -10202020221 - 120010?
-10202211001
In base 4, what is 221122 - 11023123?
-10202001
In base 4, what is 22210110 - 3?
22210101
In base 11, what is 13 + 256910?
256923
In base 3, what is -102 + -22201222111121?
-22201222112000
In base 16, what is -2 + 2761003?
2761001
In base 4, what is 3321213231 - 11?
3321213220
In base 4, what is 230002303 + -2003200?
221333103
In base 4, what is 101120030333100 + -11?
101120030333023
In base 5, what is -42 + 1403432324?
1403432232
In base 3, what is 2 - 1000102002121010?
-1000102002121001
In base 16, what is 3c9db - -2d5?
3ccb0
In base 2, what is 1100 + -1001000101001000101000?
-1001000101001000011100
In base 13, what is 2 - 17694943?
-17694941
In base 5, what is -1302434 + 1022?
-1301412
In base 12, what is 5095162 + 2?
5095164
In base 9, what is 180366142 - -5?
180366147
In base 11, what is 2 + -98203805?
-98203803
In base 10, what is -44045067 + -4?
-44045071
In base 10, what is -2 + 13554203?
13554201
In base 15, what is -7bbba - ea0?
-7cb6a
In base 8, what is 102537635 - 6?
102537627
In base 15, what is e34 + -871?
5b3
In base 12, what is 11 + -3aa26220?
-3aa2620b
In base 4, what is 20111201 + -31110?
20020031
In base 14, what is 12306c + 5?
123073
In base 15, what is 12a61b + -32?
12a5d9
In base 9, what is 7478457 + -6?
7478451
In base 3, what is -12 + 102020021012?
102020021000
In base 13, what is -776 - -55966?
551c0
In base 6, what is -44132 - 210354?
-254530
In base 3, what is -2001022 + 2122201112?
2120200020
In base 10, what is -5 - 921240?
-921245
In base 11, what is 7177 - -79a?
7966
In base 7, what is 26162102 - -11?
26162113
In base 5, what is -442032043 - 134?
-442032232
In base 3, what is 120 + 21220020121212?
21220020122102
In base 9, what is 2 + -10613?
-10611
In base 4, what is -21313011 - -200313?
-21112032
In base 2, what is 1 - -10100001000001000111110011000?
10100001000001000111110011001
In base 15, what is -e759 + 6da?
-e06e
In base 2, what is -111011 + -100100110111110010110?
-100100110111111010001
In base 5, what is -10 + -1244300310?
-1244300320
In base 6, what is -1234122 - 4304?
-1242430
In base 8, what is -206103 - -267?
-205614
In base 2, what is 1111001101101 - 10000001011?
1101001100010
In base 12, what is 16b0a79 + -50?
16b0a29
In base 11, what is -35 - 9a6610?
-9a6645
In base 5, what is